{"id":11,"date":"2022-08-01T23:17:45","date_gmt":"2022-08-01T23:17:45","guid":{"rendered":"https:\/\/v2.juanmoretimetequila.com\/?page_id=11"},"modified":"2022-10-05T20:09:14","modified_gmt":"2022-10-05T20:09:14","slug":"finalizar-compra","status":"publish","type":"page","link":"https:\/\/juanmoretimetequila.com\/finalizar-compra\/","title":{"rendered":"Finalizar compra"},"content":{"rendered":"\t\t<div data-elementor-type=\"wp-page\" data-elementor-id=\"11\" class=\"elementor elementor-11\">\n\t\t\t\t\t\t\t\t\t<section class=\"elementor-section elementor-top-section elementor-element elementor-element-15aa9682 elementor-section-boxed elementor-section-height-default elementor-section-height-default\" data-id=\"15aa9682\" data-element_type=\"section\" data-settings=\"{&quot;background_background&quot;:&quot;gradient&quot;,&quot;jet_parallax_layout_list&quot;:[]}\">\n\t\t\t\t\t\t<div class=\"elementor-container elementor-column-gap-default\">\n\t\t\t\t\t<div class=\"elementor-column elementor-col-100 elementor-top-column elementor-element elementor-element-72dd5f7c\" data-id=\"72dd5f7c\" data-element_type=\"column\">\n\t\t\t<div class=\"elementor-widget-wrap elementor-element-populated\">\n\t\t\t\t\t\t\t\t<div class=\"elementor-element elementor-element-3258665e elementor-widget elementor-widget-theme-site-logo elementor-widget-image\" data-id=\"3258665e\" data-element_type=\"widget\" data-widget_type=\"theme-site-logo.default\">\n\t\t\t\t<div class=\"elementor-widget-container\">\n\t\t\t<style>\/*! elementor - v3.6.8 - 27-07-2022 *\/\n.elementor-widget-image{text-align:center}.elementor-widget-image a{display:inline-block}.elementor-widget-image a img[src$=\".svg\"]{width:48px}.elementor-widget-image img{vertical-align:middle;display:inline-block}<\/style>\t\t\t\t\t\t\t\t\t\t\t\t\t<a href=\"https:\/\/juanmoretimetequila.com\">\n\t\t\t\t\t\t\t<img width=\"439\" height=\"459\" src=\"https:\/\/juanmoretimetequila.com\/wp-content\/uploads\/2022\/08\/Logo-JMT@0.75x.png\" class=\"attachment-full size-full\" alt=\"\" loading=\"lazy\" srcset=\"https:\/\/juanmoretimetequila.com\/wp-content\/uploads\/2022\/08\/Logo-JMT@0.75x.png 439w, https:\/\/juanmoretimetequila.com\/wp-content\/uploads\/2022\/08\/Logo-JMT@0.75x-287x300.png 287w\" sizes=\"(max-width: 439px) 100vw, 439px\" \/>\t\t\t\t\t\t\t\t<\/a>\n\t\t\t\t\t\t\t\t\t\t\t\t\t\t\t<\/div>\n\t\t\t\t<\/div>\n\t\t\t\t<div class=\"elementor-element elementor-element-ff91819 elementor-widget elementor-widget-heading\" data-id=\"ff91819\" data-element_type=\"widget\" data-widget_type=\"heading.default\">\n\t\t\t\t<div class=\"elementor-widget-container\">\n\t\t\t<style>\/*! elementor - v3.6.8 - 27-07-2022 *\/\n.elementor-heading-title{padding:0;margin:0;line-height:1}.elementor-widget-heading .elementor-heading-title[class*=elementor-size-]>a{color:inherit;font-size:inherit;line-height:inherit}.elementor-widget-heading .elementor-heading-title.elementor-size-small{font-size:15px}.elementor-widget-heading .elementor-heading-title.elementor-size-medium{font-size:19px}.elementor-widget-heading .elementor-heading-title.elementor-size-large{font-size:29px}.elementor-widget-heading .elementor-heading-title.elementor-size-xl{font-size:39px}.elementor-widget-heading .elementor-heading-title.elementor-size-xxl{font-size:59px}<\/style><h1 class=\"elementor-heading-title elementor-size-default\">FINALIZAR COMPRA<\/h1>\t\t<\/div>\n\t\t\t\t<\/div>\n\t\t\t\t\t<\/div>\n\t\t<\/div>\n\t\t\t\t\t\t\t<\/div>\n\t\t<\/section>\n\t\t\t\t<section class=\"elementor-section elementor-top-section elementor-element elementor-element-633babb5 elementor-section-boxed elementor-section-height-default elementor-section-height-default\" data-id=\"633babb5\" data-element_type=\"section\" data-settings=\"{&quot;jet_parallax_layout_list&quot;:[]}\">\n\t\t\t\t\t\t<div class=\"elementor-container elementor-column-gap-default\">\n\t\t\t\t\t<div class=\"elementor-column elementor-col-100 elementor-top-column elementor-element elementor-element-46b93fe3\" data-id=\"46b93fe3\" data-element_type=\"column\">\n\t\t\t<div class=\"elementor-widget-wrap elementor-element-populated\">\n\t\t\t\t\t\t\t\t<div class=\"elementor-element elementor-element-4fd5f206 e-checkout-layout-two-column elementor-widget elementor-widget-woocommerce-checkout-page\" data-id=\"4fd5f206\" data-element_type=\"widget\" data-widget_type=\"woocommerce-checkout-page.default\">\n\t\t\t\t<div class=\"elementor-widget-container\">\n\t\t\t<link rel=\"stylesheet\" href=\"https:\/\/juanmoretimetequila.com\/wp-content\/plugins\/elementor-pro\/assets\/css\/widget-woocommerce.min.css\"><div class=\"woocommerce\"><\/div>\t\t<\/div>\n\t\t\t\t<\/div>\n\t\t\t\t\t<\/div>\n\t\t<\/div>\n\t\t\t\t\t\t\t<\/div>\n\t\t<\/section>\n\t\t\t\t\t\t\t<\/div>\n\t\t","protected":false},"excerpt":{"rendered":"<p>FINALIZAR COMPRA Datos de Pago Nombre&nbsp;* Apellido&nbsp;* Empresa&nbsp;(opcional) Pa\u00eds\/Regi\u00f3n&nbsp;*M\u00e9xico Direcci\u00f3n de la calle&nbsp;* Colonia, Apartamento, habitaci\u00f3n, escalera, etc.&nbsp;(opcional) Localidad \/ Ciudad&nbsp;* Regi\u00f3n \/ Estado&nbsp;*Elige una opci\u00f3n&hellip;Ciudad de M\u00e9xicoJaliscoNuevo Le\u00f3nAguascalientesBaja CaliforniaBaja California SurCampecheChiapasChihuahuaCoahuilaColimaDurangoGuanajuatoGuerreroHidalgoEstado de M\u00e9xicoMichoac\u00e1nMorelosNayaritOaxacaPueblaQuer\u00e9taroQuintana RooSan Luis Potos\u00edSinaloaSonoraTabascoTamaulipasTlaxcalaVeracruzYucat\u00e1nZacatecas C\u00f3digo postal&nbsp;* Tel\u00e9fono&nbsp;* Correo Electr\u00f3nico&nbsp;* Enviar a una direcci\u00f3n diferente Nombre&nbsp;* Apellido&nbsp;* Empresa&nbsp;(opcional) Pa\u00eds\/Regi\u00f3n&nbsp;*M\u00e9xico Direcci\u00f3n de la calle&nbsp;* [&hellip;]<\/p>\n","protected":false},"author":1,"featured_media":0,"parent":0,"menu_order":0,"comment_status":"closed","ping_status":"closed","template":"","meta":[],"_links":{"self":[{"href":"https:\/\/juanmoretimetequila.com\/wp-json\/wp\/v2\/pages\/11"}],"collection":[{"href":"https:\/\/juanmoretimetequila.com\/wp-json\/wp\/v2\/pages"}],"about":[{"href":"https:\/\/juanmoretimetequila.com\/wp-json\/wp\/v2\/types\/page"}],"author":[{"embeddable":true,"href":"https:\/\/juanmoretimetequila.com\/wp-json\/wp\/v2\/users\/1"}],"replies":[{"embeddable":true,"href":"https:\/\/juanmoretimetequila.com\/wp-json\/wp\/v2\/comments?post=11"}],"version-history":[{"count":6,"href":"https:\/\/juanmoretimetequila.com\/wp-json\/wp\/v2\/pages\/11\/revisions"}],"predecessor-version":[{"id":1296,"href":"https:\/\/juanmoretimetequila.com\/wp-json\/wp\/v2\/pages\/11\/revisions\/1296"}],"wp:attachment":[{"href":"https:\/\/juanmoretimetequila.com\/wp-json\/wp\/v2\/media?parent=11"}],"curies":[{"name":"wp","href":"https:\/\/api.w.org\/{rel}","templated":true}]}}